(v) = v**3 + 22*v**2 + 23*v - 100. Let d be n(-20). What is the greatest common factor of 1320 and d?
120
Suppose -46 = 5*n + 2*t, 3*n + 0*n + 5*t = -39. Let l be -42*6/n*(-190)/(-285). What is the highest common factor of l and 3?
3
Let z(a) = -73*a + 3919. Let x be z(17). What is the greatest common divisor of x and 26?
26
Let q(o) = 14*o + 61. Let a be q(0). Let f(m) = 465*m + 8. Let h be f(3). Calculate the highest common factor of h and a.
61
Let k = -6316 - -7602. Calculate the greatest common factor of k and 4.
2
Let g(m) = m**2 - 42*m - 14. Let t be g(-4). What is the highest common divisor of t and 3298?
34
Let f = -13996 - -15557. What is the greatest common factor of 35 and f?
7
Let i be (9/(-27))/((-87)/(-45) - 2). Suppose 54 = 4*o + 2*a, i*o + 5*a - 72 = a. Calculate the greatest common factor of o and 4.
4
Let c be (18/(-63))/((-2)/28). Suppose 0 = a - 6*a + 3*i + 391, -3*i - 311 = -c*a. Calculate the greatest common divisor of 144 and a.
16
Let g(v) = -v**3 + 12*v**2 - 34*v - 3. Let x be g(6). Let c be 450/9*x/6. Calculate the highest common factor of 30 and c.
15
Let b be 4/3*(-45)/(-6). Suppose j - 52 = -2*k, j - 2*k - 14 = 18. Suppose -b = m - j. What is the greatest common factor of m and 352?
32
Let d(h) = 13*h - 42. Let z(a) = 12*a - 44. Let s(x) = 4*d(x) - 3*z(x). Let c be s(6). Calculate the greatest common factor of c and 204.
12
Let f = -11384 + 11825. Calculate the highest common factor of 171 and f.
9
Let k = -5124 + 5139. Calculate the highest common divisor of 6 and k.
3
Let u(f) = 3*f**2 - 55*f + 32. Let a be u(-37). What is the highest common factor of 126 and a?
126
Let s(a) = a**3 + 87*a**2 - 48*a - 993. Let p be s(-87). Calculate the greatest common divisor of 3 and p.
3
Suppose 39*u - 520 + 403 = 0. Let c(v) = -v + 2. Let a be c(5). Let q = 6 + a. Calculate the greatest common divisor of q and u.
3
Suppose 47*d = 5413 + 4833. What is the greatest common factor of 58 and d?
2
Suppose 0 = 13*b + 5*b - 738. Let o(i) = i**3 + 8*i**2 + 2*i. Let k be o(-4). Let j = k - b. Calculate the greatest common factor of j and 5.
5
Suppose 38254*k = 38270*k - 3552. What is the greatest common factor of 50838 and k?
222
Let t be 3*6 - 1045440/(-132). Calculate the greatest common factor of 486 and t.
162
Let w be (2 + -1)/2 - 43307/(-682). Let r be (50/15)/((-2)/111). Let d be 3/5 + r/(-25). What is the highest common divisor of d and w?
8
Suppose -8*f = -5*j + 612, 3*f - 63 - 126 = -2*j. What is the greatest common factor of 13212 and j?
36
Let p(a) = -2*a**2 + 91*a + 44. Let t be p(35). What is the greatest common factor of 164 and t?
41
Let v = 828 - 824. Let d(w) = -w + 19. Let f be d(11). Calculate the highest common divisor of f and v.
4
Suppose 8*n = -18 + 930. Let b(k) = k**2 - 3*k - 6. Let o be b(5). Suppose -n = -j + 2*f, j - o*f = -5*f + 105. Calculate the highest common factor of 12 and j.
12
Let o(v) = 107*v + 103. Let s be o(17). Calculate the greatest common factor of 558 and s.
62
Suppose -c = 5*w - 31, 3*c - 4*w = -2*w + 59. Suppose -4 = -2*b + 2. Calculate the greatest common factor of b and c.
3
Suppose 35*d - 28 = 7. Let v be (30/(-75))/(6/(-255)*d). Calculate the greatest common divisor of v and 289.
17
Suppose -d + 706 = -5*q - 13, -5*q = 4*d + 699. Suppose 0 = 2*w - 161 - 255. Let i = q + w. What is the highest common divisor of i and 13?
13
Let k(x) = 2*x**2 - 8*x + 6. Let m be k(6). Let n = 65057 + -64892. What is the highest common divisor of m and n?
15
Suppose -4*f - 504 = -2*k, -820 = -3*k + 4*f - 52. Calculate the greatest common divisor of 6006 and k.
66
Suppose 1158 = 12*w - 1758. What is the highest common factor of w and 27?
27
Suppose -141*z + 138*z + 42 = 0. Let w be 594/z - 3/56*8. What is the greatest common factor of 1 and w?
1
Suppose -50 = -3*n - 2*n + 5*g, -3*n = 3*g - 12. Suppose 4*c + 10*r - 30 = 11*r, 0 = 4*c - 5*r - 38. What is the greatest common divisor of n and c?
7
Let l(r) = 2*r**3 - 3*r**2 - 1. Let p be l(4). Suppose 72*v - p*v = 0. Suppose -m + 12 + 108 = v. What is the greatest common divisor of 20 and m?
20
Suppose -u + 2*u = 3. Suppose -y = -2*w + 3*y - 8, u*y = -w + 11. Let k = 1805 + -1800. Calculate the highest common factor of k and w.
1
Suppose 0 = 81*b - 355 + 193. Calculate the highest common factor of 81 and b.
1
Suppose -21*v = -16*v - 265. Let q = 521 - 309. Calculate the greatest common divisor of v and q.
53
Suppose -3*i + 3 = n - 2, -4*n = 16. Suppose -i*s - 5*u = -8*s + 4580, u = -4. What is the highest common factor of 57 and s?
57
Let s(f) = 2*f**3 - 17*f**2 + 5*f + 10. Let z be s(10). Suppose 0 = 21*x - 30*x + z. Calculate the greatest common factor of 400 and x.
40
Let b = -64 - -86. Suppose 1657*y - 1658*y = -198. What is the highest common divisor of b and y?
22
Let t be (-2)/12 - 5244755/(-5610) - 6/(-22). Let l = -46 - -101. What is the highest common divisor of l and t?
55
Suppose -35*p + 133 = -217. Suppose -350 = -5*y + 5*a, 6*y + 4*a - 140 = 4*y. What is the greatest common factor of p and y?
10
Suppose 4*k - 256 = -5*d, d - 21 = 5*k + 7. What is the greatest common factor of 1664 and d?
16
Suppose -1331 - 4077 = -16*z. What is the highest common factor of z and 2?
2
Let g(v) = v**2 + 2*v - 4. Let c(r) = -2*r - 10. Let l be c(-7). Let o be g(l). Let p = 35791 - 35741. Calculate the greatest common divisor of p and o.
10
Let g = 945 + 6905. What is the highest common factor of 50 and g?
50
Let n = 12 + -7. Suppose -2*w = c - 20, -2*c = -5*c - 2*w + 40. Suppose -n*y - s = -100, c = -4*s - 10. What is the greatest common divisor of 231 and y?
21
Let x = 83 - -373. What is the highest common divisor of x and 57?
57
Let v = 15 - 19. Let m be (-8 + 8)*2/v. Suppose -z + 2*w + 12 = m, 4*w + 36 = 5*z - 24. Calculate the greatest common factor of z and 228.
12
Let w be -6*6/(-27) - (-7006)/339. What is the highest common divisor of w and 3058?
22
Suppose 24*q = 2311 - 943. What is the highest common divisor of q and 21318?
57
Let k(b) = b**2 - 45*b - 416. Let j be k(53). Let p be ((-936)/(-130))/(3/10). What is the greatest common factor of j and p?
8
Let w be ((-5 - -3)/2)/((-6)/17646). What is the highest common factor of w and 17?
17
Suppose 0 = 93*l - 294 - 357. What is the highest common factor of l and 16597?
7
Let s(a) = 15*a**2 + 16*a - 47. Let g be s(25). Calculate the highest common divisor of 152 and g.
152
Let g(t) = 4*t**2 + t. Let l be g(-1). Let d be l + ((-2)/2 - -10). Suppose -4*m + 36 + 54 = -294. Calculate the greatest common divisor of d and m.
12
Let x(u) = 2*u**3 + 19*u**2 - 4*u + 28. Let m be x(-6). What is the greatest common divisor of 19 and m?
19
Let b = 151 + -101. Suppose 3*v = -g + b, -3*g + 2*v = 2*g - 284. Let h be 2/(-8) + 3542/g. Calculate the greatest common factor of 7 and h.
7
Suppose 5798 - 615 = 13*h - 2409. What is the greatest common factor of 2847 and h?
73
Let r = 20707 + -9789. What is the greatest common factor of 212 and r?
106
Let l be 4/((-8)/9)*8. Let x be (-634)/(-18) + 8/l. Let v be 314/1 - ((-4 - -4) + -1). What is the greatest common divisor of x and v?
35
Let l(u) = -u - 12. Let s be l(-18). Let m = 472 - 276. Suppose f - m = -s*f. What is the greatest common factor of f and 21?
7
Suppose -w + 2*n + 8 = 0, 7*w - 4*w = n + 9. Suppose -2*m = -8, 5*r - 187 = -w*m - m. Calculate the highest common divisor of r and 30.
5
Suppose 4*i - 222 = -r + 17, 3*r + 2*i = 677. Let a = r + -192. What is the greatest common factor of a and 248?
31
Suppose 813*z = 772*z + 7462. Calculate the greatest common factor of 962 and z.
26
Suppose 426*r - 1141 = 3545. Suppose -2*w + 6*w - 8 = 0. Suppose 0*d = -5*a + w*d + 434, 3 = d. What is the greatest common factor of r and a?
11
Suppose 0 = -82*q + 77*q + 85. Suppose 5*l = -2*c + 383, -l - 20*c + q*c = -87. What is the highest common divisor of l and 275?
25
Suppose 11*v - 13*v + 10 = 0. Suppose 0 = 7*w - v*w - 20. Let y be (18 + -15)*10/3. What is the highest common divisor of w and y?
10
Let a be -17 - 2303742/(-147) - (-2)/7. What is the greatest common divisor of 101 and a?
101
Suppose h = 3*h - 42. Let m = 241 + -121. Suppose 121*c - m*c - 21 = 0. What is the greatest common factor of h and c?
21
Let c(i) = -i + 10. Let g be ((-4)/(-3))/(12/36). Let x be c(g). Let j